Calculate (-20 - (1 + -12)) + 9 + 8 + -145.
-137
What is the value of -75 - (-2 + 3 + (-21 - -43))?
-98
Calculate -21 - 8 - -29 - -14 - 49.
-35
What is (91 - (-1 + 29)) + -35?
28
Evaluate 5 - (-280 - -328 - (24 - 2)).
-21
What is 4 + (49 - 96) + 15?
-28
What is 3 - (-2 + 5 + (-5 - -5 - 15))?
15
Evaluate 15 + 13 + -19 + -100 + 10.
-81
Calculate -45 + 132 + -75 + (-2 - (-4 + 2)) + 76.
88
-147 - (-23 - -57 - 118)
-63
Calculate (-1 + -9 - -2 - 1) + (-3536 - -3538).
-7
What is -11 - (17 + (-13 - 0 - (191 + -194)))?
-18
What is 1 + -43 + 17 - (156 + -306)?
125
Evaluate -63 + 0 + 1788 + -1798 + (-1 - 0).
-74
0 + 3 + 1 + 23 + 69 + -45
51
What is (22 - ((-10 - 22) + 98)) + (1 - 9)?
-52
What is 3092 + -3098 + (140 - (2 + (5 - 2)))?
129
Evaluate -2 - 12 - (5 - (-60 - (7 - 25))).
-61
What is -120 - -5 - (16 + -16 + 11 + -21)?
-105
What is 46 - (4 + (-16 - -107))?
-49
What is the value of 23 - (48 + 46 + -75)?
4
Evaluate 10 + 2 + -2 - (2 + -108 - (439 - 422)).
133
What is the value of (32 - (-75 + -84 + 103)) + 1 + 5 + -1?
93
Evaluate -2 - -24 - (65 - (-12 + 14 - 15)).
-56
What is 3 + 0 - 3 - -25 - (0 + (-4 - -11))?
18
(107 - 78) + 22 + (-14 - -4)
41
Evaluate (18 + -28 + -7 - 50) + (13 - -2).
-52
Evaluate (-40 - 10 - -65) + (49 - (2 + 2 + 1)).
59
What is the value of 64 - 45 - 16 - (7 - 57)?
53
What is the value of (21 - -1) + (-50 - (-26 + 16 + -72))?
54
What is 12 + -12 + 20 + -26 + (2 - 67 - -1)?
-70
(19 - (5 + -3)) + -1465 + 1425
-23
Evaluate 20343 + -20345 - (0 - (-101 - 1)).
-104
What is 3 - (-11 - -7) - (4 - 1) - (-8 - 11)?
23
What is 49 + (115 + -154 - 9)?
1
What is 9 - (-37 + (-40 + 56 - -34))?
-4
What is -167 + (100 + 96 - 32)?
-3
17 - (154 - (-29 + 94))
-72
What is 10 - (5 + -3) - 11 - (-11 - 52)?
60
2 + 0 + 5 - (17 + 3 - (1009 + -995))
1
Calculate -6 + 20 + (-9 - (-38 - -50)).
-7
Evaluate -1 + -9 + -4 + (1273 - 1252).
7
-83 - (-52 + 22 + 33 - (18 - 1))
-69
22 + (-33 - -4) + 32 - 19
6
Calculate (38 - (-71 - -34)) + -26 + 41.
90
Evaluate 15 - ((165 - 127) + -4 + -9).
-10
Evaluate -8 + (21 - 18) - (-3 - -1 - 10).
7
Evaluate 0 - (44 + -1) - (16789 - 16796).
-36
What is the value of 4 + (13 - (-55 - -81))?
-9
Evaluate (-18 - (-24 - -11 - 0)) + 31 + -3.
23
Evaluate 0 + (2 - (-1 + -2)) - (544 + -553).
14
Calculate -2 + 54 - 116 - (-1 - 14).
-49
What is 21 - ((-2 - (1 - -2)) + (-69 - -76))?
19
Calculate 27 + (-56 - 35 - -40).
-24
64 + 2 + 4 + (-4 - -1 - -2)
69
What is the value of -76 + (-87 - -309) + -220?
-74
Evaluate 7 - ((-27 - (2 + -34)) + (-12 - 1)).
15
-1 + 82 + -7 + 18 + 9 + -47 + 25
79
(-46 + 1 - (500 - 442)) + -2 + -9
-114
What is -6 + 1 - (23 + (-11 - 22))?
5
What is (-13 - -20 - -72) + -64 + 56?
71
Evaluate -12 + (-6 + -1 + (79 - 81) + 18 - 40).
-43
(-85 - -80) + 14 + 56
65
Evaluate -88 + 22 + 1 + 42.
-23
Evaluate (85 - 2) + (37 - (129 - 97)).
88
Calculate -17 + (7 + 14 - 18) + 5 - 6.
-15
What is the value of 5 - (4 + 5 + -3) - (-25 + -17)?
41
What is the value of 16 + (-4 - 20) + 49 + -14?
27
Calculate 17 - 46 - (-50 - -21 - -64).
-64
What is -3 + (-6 - -5) + -7 - (35 - 40) - -55?
49
What is 8 + 13 + 38 + (-99 - -4)?
-36
What is 41 + (-5 + 2 - (-19 + 27)) + 7?
37
What is (1 + 4 - -1) + 1 + -30 + -4 + 46?
19
((13 - -2) + 6 - 14) + -5 - 44
-42
-15 + 5 + 28 - 7 - (-3 - -14)
0
What is the value of 32 + (31 - 56 - -25)?
32
What is 4 - -1 - (8 - ((-34 - (-8 - 14)) + 15))?
0
What is -104 + 99 - (3 + -14 + 1) - -2?
7
What is the value of 60 + ((6 - -3) + 3 - -29)?
101
Evaluate -72 - (-85 + (115 - 52)).
-50
Evaluate (26 - 36) + (34 - 3) - 28.
-7
Evaluate -6 + (0 - 1) + 2 + (-70 - -73) - 36.
-38
What is the value of 0 + -37 + 167 + (-199 - -136)?
67
What is the value of (-6 - (-3 + 7 - -17)) + 18?
-9
30 + -78 - -33 - (-18 + 0) - (-103 + 0)
106
Evaluate (-38 + 64 - -78) + -11 - (1 + 9).
83
Evaluate -6 - ((3 - ((7 - 9) + -4)) + 13).
-28
Evaluate 46 + (47 - 26) + -22.
45
What is the value of 1 + 1 - -4 - 6 - (375 - 459)?
84
Calculate 85 + -28 + -50 + -2 + -8.
-3
What is the value of -123 + 96 - (-3 + 2 + 5)?
-31
(-1077 - -1091) + 0 + -75
-61
Evaluate -3387 + 3335 + (-1 - -10 - (1 + 1)).
-45
(-3 - 0) + -8291 + 8279
-15
58 - (-25 + 77 + -21)
27
Evaluate 23 + -54 - -14 - (6 + -80 + -4).
61
What is the value of (1 - 24) + (1 - (-68 + 74))?
-28
Calculate (-20 - (-29 - (-24 - 3))) + 27.
9
1 - (-3 + -2 + 16 - (-1 - -60))
49
What is the value of -45 + 28 + 13 + 4 + -10 + -48?
-58
106 + (-120 - -100) + (-15 + 30 - (5 + 0))
96
What is the value of 83 + -25 + 39 - 163?
-66
-19 + -2 + 36 + -7
8
Evaluate -2 - (-5 + (-1 - 3) + (-4 - -8)) - 34.
-31
Calculate (-3 - -19 - (-3 + -9)) + 15.
43
Calculate (-3 - (35 - -1) - 3) + 146 + -149.
-45
Calculate 12 + -13 - 25 - -8 - 38.
-56
Evaluate (11 + (0 - -1) - 13) + -25.
-26
Evaluate (36 - 17 - 2 - (3 + -6)) + 47.
67
Evaluate (1 - 2) + (-62 - -4) + (-335 - (5 - 353)).
-46
(-5 - (-1 + -1)) + -112 + 79
-36
Calculate -55 + 0 + (7 - 4) + -25 + 30 - -1.
-46
What is the value of -278 + 255 + (4 - -5 - 4)?
-18
Calculate -24 - (-10 - (1 + 6)).
-7
Evaluate (23 - 74) + (23 - -4).
-24
Calculate 13 + (120 + -133 - (2 - 27)).
25
12 + 0 + 1 - (-4 + -10 + (-4 - 45))
76
What is (-17 + -64 - -77) + (-6 - -9)?
-1
Evaluate -7 - (-39 - (-55 - -19)).
-4
Evaluate -6 + 68 + (-76 - -25).
11
Calculate 23 + 36 + -39 + (-1 + 6 - 1 - 0).
24
Evaluate (-61 - -1) + -5 + -25 + -35 + 66.
-59
What is the value of -1 + 0 + 2 + -110 + 102?
-7
Evaluate (-28 - -7) + 27 - (-1 + -5 + (-3 - -1)).
14
What is (25 - 43 - -16) + 10 + 2 - 43?
-33
Evaluate 1 + -1 - (-5 + (7 - (25 + -6))).
17
Calculate 22 - 17 - -42 - 24 - -25.
48
What is the value of 26 + (-20 - -17) + -11 + -7?
5
(-33 - -97) + (-17 - 2) + (-3 - 9)
33
14 + -3 + (5 - ((8 - 45) + 7))
46
What is the value of (-6 + (0 - -3) - -15) + (13 - 52 - 91)?
-118
-971 + 938 - (5 - 2)
-36
-32 - (-39 + -13 - (26 - 1))
45
Evaluate -28 - (15 - (10 - -23)).
-10
Calculate -39 - (4 - -8 - (-22 + 155)).
82
(6 + -5 - -86) + -15 + -8 + -3
61
What is (16 - -25) + -114 - 5?
-78
-7 + (14 - (34 - 25)) + -27
-29
What is the value of -40 + 116 + 41 - 71?
46
Evaluate (-82 - 1 - -1) + 9533 + -9499.
-48
-1 - -1 - (4 + 13 + -51 + 10)
24
Evaluate 34 - (-4 + (23 - 11 - 16 - -8)).
34
What is 2 + -24 + (-76 - -84) + (-36 - -6)?
-44
What is the value of 81 + -71 - (4 + -17 + 14 - (37 - -1))?
47
Evaluate -710 + 746 + 0 + -35 - (1 + -2).
2
Calculate -1 - 29 - (6 + -16 + -2) - (-6 - -15).
-27
(-4 + -10 - -16) + (33 - 30)
5
What is -53 - (53 - 105) - -37?
36
Evaluate 55 + 28 + 35 + -86.
32
What is the value of 13 + (19 - (13 - (-45 - 17)))?
-43
69 - (-30 + 41 - -23)
35
What is the value of -9 + 136 + -81 + -13 + 76?
109
(112 - 109) + -2 + 1 + -10 - -27
19
What is -7 + 2 + -17 + (54 + -8 - 7)?
17
Evaluate 107 + -84 + -10 + -108.
-95
What is (25 - -1) + 6112 + -6159?
-21
Calculate 13 + (-5 - -2) - (-5 + (0 - (5 - 2))).
18
Evaluate (-13 - -26 - -24) + -13.
24
-7 + -35 - 30 - -29
-43
Calculate (1 - 31 - (-591 - -584)) + 11.
-12
Calculate -7 + 0 + (-34 - 0) + 33 + -35.
-43
What is (7 - -22) + -18 - 6?
5
What is 2 - 2 - (30 + (-19 - (-15 - -10)) + 9)?
-25
Evaluate -11 - (-51 + 15) - 13.
12
What is the value of (-24 - (-17 + 8 + 31 + -3)) + 1?
-42
(-39 + 12 + 22 - 11) + (1 - 7)
-22
Calculate (1 + 1 - 0) + 4 + 54 + 57 + -53.
64
2 - 39 - (-25 + (-9 - -33))
-36
What is 19 - (-6 + -29 + 63)?
-9
Evaluate -6 - (4 - 6) - (141 + -117 - (2 - 15)).
-41
What is the value of 1 - ((11 - 21) + (-66 - -45) - (-1 - -2))?
33
What is the value of -12 + 3 + -2 + 8 - 42?
-45
What is the value of -11 + 1 - (-105 + 2 + (-378 - -426))?
45
Calculate (1 - 1) + 2 + 13 + 50 + (-23 - -5).
47
Calculate (4 - -42) + (-48 + 124 - 74).
48
What is the value of -16 + 67 + -20 - 59?
-28
What is the value of 68 - 52 - 5 - ((0 - -1) + -29)?
39
What is the value of 151 - (-48 + 115) - -10?
94
Evaluate -6 + (74 - 56) + -26.
-14
What is 7 + (-27 - -12 - 4 - 1) - 39?
-52
What is the value of 6 + (-20 - -2) - (6 + -12 + 15)?
-21
What is the value of (-1 - 29) + 34 + (0 - -7)?
11
Calculate -16 - -12 - 21 - (35 - 43 - (0 - 17)).
-34
Evaluate -37 - (47 - (19 + 33)) - (17 + -1).
-48
43 - 2 - (-887 - -905)
23
What is -17 + (17 + 7 + -17 - -13 - -133)?
136
Calculate (19 - 5) + -1 + 51 + (-551 - -547).
60
What is -60 - 77 - (-39 + 19) - -17?
-100
Evaluate (-53 - -67 - 55 - -27) + (74 - (0 + -2)).
6